dreds digit of 240835?
8
What is the hundreds digit of 901444?
4
What is the ten thousands digit of 33178?
3
What is the ten millions digit of 10172695?
1
What is the hundreds digit of 23685956?
9
What is the thousands digit of 5671846?
1
What is the thousands digit of 1390994?
0
What is the hundreds digit of 132549?
5
What is the millions digit of 2433562?
2
What is the hundreds digit of 2522982?
9
What is the tens digit of 1006145?
4
What is the ten thousands digit of 642129?
4
What is the hundreds digit of 5579069?
0
What is the ten thousands digit of 519462?
1
What is the hundred thousands digit of 374675?
3
What is the hundred thousands digit of 2927493?
9
What is the ten thousands digit of 1285896?
8
What is the hundred thousands digit of 23319509?
3
What is the ten millions digit of 11471739?
1
What is the thousands digit of 2054?
2
What is the units digit of 3835?
5
What is the thousands digit of 419780?
9
What is the thousands digit of 12701526?
1
What is the hundred thousands digit of 2629273?
6
What is the hundreds digit of 640788?
7
What is the tens digit of 1182002?
0
What is the units digit of 11799847?
7
What is the hundred thousands digit of 986850?
9
What is the ten thousands digit of 202712?
0
What is the hundreds digit of 8245048?
0
What is the units digit of 2518959?
9
What is the hundreds digit of 262242?
2
What is the units digit of 6066454?
4
What is the units digit of 36219747?
7
What is the hundreds digit of 105234?
2
What is the millions digit of 2627350?
2
What is the thousands digit of 2879945?
9
What is the millions digit of 6380385?
6
What is the thousands digit of 435415?
5
What is the hundred thousands digit of 362348?
3
What is the units digit of 59272?
2
What is the hundred thousands digit of 1154794?
1
What is the tens digit of 5171792?
9
What is the tens digit of 247401?
0
What is the hundred thousands digit of 588215?
5
What is the hundreds digit of 1701020?
0
What is the thousands digit of 204507?
4
What is the thousands digit of 369267?
9
What is the hundreds digit of 3147858?
8
What is the thousands digit of 8248284?
8
What is the hundred thousands digit of 1121797?
1
What is the hundreds digit of 988534?
5
What is the hundred thousands digit of 510348?
5
What is the ten thousands digit of 31251416?
5
What is the units digit of 2356?
6
What is the hundreds digit of 538638?
6
What is the tens digit of 257117?
1
What is the thousands digit of 316285?
6
What is the thousands digit of 6359732?
9
What is the hundreds digit of 42702?
7
What is the millions digit of 3479158?
3
What is the ten thousands digit of 216106?
1
What is the thousands digit of 2334593?
4
What is the hundreds digit of 326009?
0
What is the units digit of 2514293?
3
What is the thousands digit of 148258?
8
What is the ten thousands digit of 30864988?
6
What is the tens digit of 4698618?
1
What is the units digit of 63667?
7
What is the hundred thousands digit of 594595?
5
What is the hundreds digit of 284051?
0
What is the millions digit of 4585892?
4
What is the thousands digit of 30184?
0
What is the hundred thousands digit of 2627522?
6
What is the hundred thousands digit of 427026?
4
What is the thousands digit of 449396?
9
What is the tens digit of 2176834?
3
What is the units digit of 3909687?
7
What is the tens digit of 93411?
1
What is the tens digit of 19087974?
7
What is the hundreds digit of 5475567?
5
What is the thousands digit of 247156?
7
What is the ten thousands digit of 1542632?
4
What is the units digit of 236322?
2
What is the thousands digit of 5938686?
8
What is the tens digit of 4929183?
8
What is the units digit of 3639976?
6
What is the thousands digit of 176773?
6
What is the units digit of 194859?
9
What is the hundred thousands digit of 314609?
3
What is the ten thousands digit of 20082?
2
What is the ten thousands digit of 3432071?
3
What is the units digit of 939103?
3
What is the units digit of 585018?
8
What is the units digit of 115619?
9
What is the millions digit of 5455349?
5
What is the hundreds digit of 5695750?
7
What is the units digit of 1869032?
2
What is the thousands digit of 86915?
6
What is the ten thousands digit of 215891?
1
What is the millions digit of 1011869?
1
What is the thousands digit of 6647311?
7
What is the hundreds digit of 1265542?
5
What is the tens digit of 17739755?
5
What is the hundred thousands digit of 360740?
3
What is the thousands digit of 72409?
2
What is the hundred thousands digit of 2870756?
8
What is the units digit of 4052127?
7
What is the hundreds digit of 3055795?
7
What is the ten thousands digit of 8200030?
0
What is the ten thousands digit of 25443649?
4
What is the units digit of 396308?
8
What is the units digit of 1437602?
2
What is the tens digit of 49094?
9
What is the tens digit of 702381?
8
What is the hundreds digit of 231600?
6
What is the hundred thousands digit of 350319?
3
What is the hundred thousands digit of 5437285?
4
What is the hundred thousands digit of 462031?
4
What is the millions digit of 30623391?
0
What is the units digit of 297834?
4
What is the tens digit of 15132412?
1
What is the tens digit of 215043?
4
What is the units digit of 6286465?
5
What is the ten millions digit of 10163015?
1
What is the hundred thousands digit of 200161?
2
What is the hundred thousands digit of 395742?
3
What is the millions digit of 9933023?
9
What is the thousands digit of 1847463?
7
What is the units digit of 15139493?
3
What is the hundred thousands digit of 420420?
4
What is the thousands digit of 2083928?
3
What is the hundreds digit of 3802694?
6
What is the hundreds digit of 12910349?
3
What is the hundred thousands digit of 4247675?
2
What is the hundred thousands digit of 382046?
3
What is the ten thousands digit of 359411?
5
What is the hundreds digit of 373119?
1
What is the ten thousands digit of 16310?
1
What is the hundreds digit of 548250?
2
What is the tens digit of 567001?
0
What is the units digit of 477126?
6
What is the tens digit of 1906312?
1
What is the thousands digit of 3235684?
5
What is the tens digit of 1927372?
7
What is the hundred thousands digit of 774727?
7
What is the tens digit of 76012?
1
What is the thousands digit of 5298212?
8
What is the thousands digit of 1926605?
6
What is the hundreds digit of 18135?
1
What is the thousands digit of 163188?
3
What is the hundreds digit of 632979?
9
What is the units digit of 5050980?
0
What is the units digit of 16456?
6
What is the ten thousands digit of 23110927?
1
What is the ten thousands digit of 478788?
7
What is the hundred thousands digit of 1191617?
1
What is the hundred thousands digit of 5907008?
9
What is the thousands digit of 39005119?
5
What is the tens digit of 303647?
4
What is the units digit of 116448?
8
What is the hundred thousands digit of 8864251?
8
What is the units digit of 603895?
5
What is the tens digit of 27522239?
3
What is the thousands digit of 2346082?
6
What is the units digit of 1957543?
3
What is the hundreds digit of 55422?
4
What is the ten thousands digit of 313006?
1
What is the ten thousands digit of 81928?
8
What is the units digit of 858260?
0
What is the hundreds digit of 570811?
8
What is the hundreds digit of 3328517?
5
What is the thousands digit of 26682?
6
What is the hundreds digit of 1765762?
7
What is the tens digit of 11084057?
5
What is the tens digit of 3017291?
9
What is the units digit of 963222?
2
What is the thousands digit of 319430?
9
What is the hundred thousands digit of 838719?
8
What is the hundred thousands digit of 1243108?
2
What is the units digit of 126314?
4
What is the hundreds digit of 578829?
8
What is the units digit of 2086554?
4
What is the units digit of 418645?
5
What is the thousands digit of 835024?
5
What is the thousands digit of 573157?
3
What is the hundreds digit of 13914187?
1
What is the hundreds digit of 640724?
7
What is the hundreds digit of 756482?
4
What is the tens digit of 682021?
2
What is the units digit of 215020?
0
What is the thousands digit of 356691?
6
What is the units digit of 159591?
1
What is the thousands digit of 228413?
8
What is the hundreds digit of 540366?
3
What is the thousands digit of 1491832?
1
What is the ten thousands digit of 3552333?
5
What is the tho